{"id":26001,"date":"2024-03-15T01:14:32","date_gmt":"2024-03-15T01:14:32","guid":{"rendered":"https:\/\/intervenciones.endometriosispr.com\/?page_id=26001"},"modified":"2024-03-15T02:05:35","modified_gmt":"2024-03-15T02:05:35","slug":"terms","status":"publish","type":"page","link":"https:\/\/intervenciones.endometriosispr.com\/index.php\/terms\/","title":{"rendered":"T\u00e9rminos y Condiciones"},"content":{"rendered":"\t\t<div data-elementor-type=\"wp-page\" data-elementor-id=\"26001\" class=\"elementor elementor-26001\" data-elementor-post-type=\"page\">\n\t\t\t\t<div class=\"elementor-element elementor-element-983ecf4 e-flex e-con-boxed e-con e-parent\" data-id=\"983ecf4\" data-element_type=\"container\">\n\t\t\t\t\t<div class=\"e-con-inner\">\n\t\t\t\t<div class=\"elementor-element elementor-element-37d002e elementor-widget elementor-widget-text-editor\" data-id=\"37d002e\" data-element_type=\"widget\" data-widget_type=\"text-editor.default\">\n\t\t\t\t<div class=\"elementor-widget-container\">\n\t\t\t\t\t\t\t\t\t<p>Bienvenido a <a href=\"http:\/\/www.intervenciones.endometriosispr.com\/\" target=\"_new\">www.intervenciones.endometriosispr.com<\/a>. Al acceder y utilizar este sitio web, usted acepta cumplir y estar vinculado por los siguientes t\u00e9rminos y condiciones de uso, que junto con nuestra pol\u00edtica de privacidad, rigen la relaci\u00f3n de la Fundaci\u00f3n Puertorrique\u00f1a de Pacientes con Endometriosis con usted en relaci\u00f3n con este sitio web. Si no est\u00e1 de acuerdo con alguna parte de estos t\u00e9rminos y condiciones, le rogamos no utilice nuestro sitio web.<\/p><p><strong>Entrega Digital y Acceso<\/strong> Todos los productos vendidos en este sitio web, incluidos el Manual de Operaciones para Intervenci\u00f3n de Enriquecimiento Ambiental y los videos explicativos, se entregan de forma digital. Usted recibir\u00e1 su producto a trav\u00e9s de un enlace de descarga enviado a su correo electr\u00f3nico inmediatamente despu\u00e9s de realizar la compra. Se le otorga acceso ilimitado al manual sin restricciones de tiempo para su uso personal y profesional, sujeto a los t\u00e9rminos de uso aqu\u00ed descritos.<\/p><p><strong>Derechos de Autor y Uso del Material<\/strong> Este manual y los materiales asociados est\u00e1n protegidos por las leyes de derechos de autor y tratados internacionales. La compra de estos materiales le otorga el derecho de usarlos para su beneficio personal y en su pr\u00e1ctica profesional. Sin embargo, est\u00e1 estrictamente prohibido copiar, distribuir, transmitir, exhibir, realizar, reproducir, publicar, licenciar, crear obras derivadas, transferir o vender cualquier informaci\u00f3n, software, productos o servicios obtenidos de este sitio web.<\/p><p><strong>Pol\u00edtica de No Devoluci\u00f3n<\/strong> Dado que nuestros productos son digitales y entregados por medio electr\u00f3nico, no aceptamos devoluciones una vez que el producto haya sido recibido por el comprador. Esto se debe a la naturaleza no retornable de los contenidos digitales. Aseg\u00farese de leer toda la informaci\u00f3n disponible sobre el producto antes de realizar su compra.<\/p><p><strong>Contacto y Soporte<\/strong> Para cualquier duda, consulta o asistencia t\u00e9cnica relacionada con su compra o el uso de nuestros productos, por favor, env\u00ede un correo electr\u00f3nico a <a target=\"_new\">endopr@gmail.com<\/a>. Nuestro equipo de soporte se esfuerza por responder a todas las consultas de manera oportuna y brindar la ayuda necesaria para garantizar su satisfacci\u00f3n con nuestros productos.<\/p><p><strong>Modificaciones a los T\u00e9rminos y Condiciones<\/strong> La Fundaci\u00f3n Puertorrique\u00f1a de Pacientes con Endometriosis se reserva el derecho de modificar estos t\u00e9rminos y condiciones en cualquier momento, sin previo aviso. Al continuar utilizando este sitio web tras cualquier cambio, usted acepta estar vinculado por dichas modificaciones, por lo que le recomendamos revisar esta p\u00e1gina peri\u00f3dicamente.<\/p><p>Al utilizar <a href=\"http:\/\/www.intervenciones.endometriosispr.com\/\" target=\"_new\">www.intervenciones.endometriosispr.com<\/a>, usted acepta estos t\u00e9rminos y condiciones en su totalidad. Estos t\u00e9rminos y condiciones tienen como objetivo proteger y mantener la calidad del servicio que ofrecemos, asegurando una experiencia positiva y enriquecedora para todos nuestros usuarios.<\/p>\t\t\t\t\t\t\t\t<\/div>\n\t\t\t\t<\/div>\n\t\t\t\t\t<\/div>\n\t\t\t\t<\/div>\n\t\t\t\t<\/div>\n\t\t","protected":false},"excerpt":{"rendered":"<p>Bienvenido a www.intervenciones.endometriosispr.com. Al acceder y utilizar este sitio web, usted acepta cumplir y estar vinculado por los siguientes t\u00e9rminos y condiciones de uso, que junto con nuestra pol\u00edtica de privacidad, rigen la relaci\u00f3n de la Fundaci\u00f3n Puertorrique\u00f1a de Pacientes con Endometriosis con usted en relaci\u00f3n con este sitio web. Si no est\u00e1 de acuerdo [&hellip;]<\/p>\n","protected":false},"author":1,"featured_media":0,"parent":0,"menu_order":0,"comment_status":"closed","ping_status":"closed","template":"","meta":{"inline_featured_image":false,"footnotes":""},"class_list":["post-26001","page","type-page","status-publish","hentry"],"_links":{"self":[{"href":"https:\/\/intervenciones.endometriosispr.com\/index.php\/wp-json\/wp\/v2\/pages\/26001","targetHints":{"allow":["GET"]}}],"collection":[{"href":"https:\/\/intervenciones.endometriosispr.com\/index.php\/wp-json\/wp\/v2\/pages"}],"about":[{"href":"https:\/\/intervenciones.endometriosispr.com\/index.php\/wp-json\/wp\/v2\/types\/page"}],"author":[{"embeddable":true,"href":"https:\/\/intervenciones.endometriosispr.com\/index.php\/wp-json\/wp\/v2\/users\/1"}],"replies":[{"embeddable":true,"href":"https:\/\/intervenciones.endometriosispr.com\/index.php\/wp-json\/wp\/v2\/comments?post=26001"}],"version-history":[{"count":4,"href":"https:\/\/intervenciones.endometriosispr.com\/index.php\/wp-json\/wp\/v2\/pages\/26001\/revisions"}],"predecessor-version":[{"id":26033,"href":"https:\/\/intervenciones.endometriosispr.com\/index.php\/wp-json\/wp\/v2\/pages\/26001\/revisions\/26033"}],"wp:attachment":[{"href":"https:\/\/intervenciones.endometriosispr.com\/index.php\/wp-json\/wp\/v2\/media?parent=26001"}],"curies":[{"name":"wp","href":"https:\/\/api.w.org\/{rel}","templated":true}]}}